.
5
Let x(u) = u**3 + u**2 + u + 1. Let n(d) = -d**3 - 7*d**2 - 4*d + 5. Let a(f) = n(f) + 2*x(f). What is a(5)?
-3
Let s = -10 - -9. Let b = s - -4. Let d(u) = -2*u**3 - 1 - 6*u**3 - u**2 + 2*u**b + u. Determine d(1).
-7
Let d(p) = 7*p**2 - 12*p + 5. Let g(j) = 15*j**2 - 25*j + 11. Let c(f) = -13*d(f) + 6*g(f). Calculate c(4).
9
Let m(r) = 11 - 5*r**2 + 5*r**2 - 12*r + 0*r**2 + r**2. Calculate m(11).
0
Let u(k) = 2*k + 2. Let a(o) = -4*o - 4. Let l(r) = -3*a(r) - 5*u(r). Give l(-3).
-4
Let u = -11 + 5. Let m(l) = -l**2 - 5*l + 7. Calculate m(u).
1
Let y(s) = -s**2 - 3*s + 4. Let x = 3 + -7. Determine y(x).
0
Let r(f) be the second derivative of 0 - 5*f - 1/2*f**3 - 1/10*f**5 + f**2 + 1/4*f**4. Determine r(2).
-8
Let m(h) = h - 7. Let i be m(8). Let o(u) = 8*u. Calculate o(i).
8
Let l(d) = -2 - 2*d + 1 + 7*d**2 - 6*d**2. Let y(q) = q**2 + 2*q - 1. Let w be y(1). Let h be 1 + (0 - 0) - w. Determine l(h).
2
Suppose 1 = -4*f - 15. Let x(y) be the second derivative of y**4/12 + 5*y**3/6 + 3*y**2 + y. What is x(f)?
2
Suppose 1 + 7 = -4*w. Let s(b) be the second derivative of b**5/20 - b**3/6 - b**2 + 7*b - 5. Determine s(w).
-8
Let d be (-4)/(-18)*-6*-3. Let u = -4 + 7. Suppose -d*b = -0*f - 3*f - 11, -5*b - u*f = -7. Let y(p) = p**3 + 1. Determine y(b).
9
Let a(i) = -3*i + 1. Suppose 0 = 4*b - 4 - 8. What is a(b)?
-8
Suppose 5*l = -18 + 43. Let f(g) = 4*g + 12. Let p(h) = -3*h - 8. Let v(r) = 5*f(r) + 7*p(r). Determine v(l).
-1
Let v(w) = w**3 + w**2 + w + 4. Let n be v(0). Let m(k) = 0*k - k + k**3 + n + 2*k. What is m(0)?
4
Let g(q) be the first derivative of -q**3/3 + 7*q**2/2 - 3*q - 6. Calculate g(6).
3
Let b(u) be the third derivative of 0 - 1/12*u**4 - 4*u**2 + 0*u - 1/60*u**5 - 1/6*u**3. Determine b(-3).
-4
Suppose 0 = -5*k + 2*k + 4*z - 25, 4*k - 4*z = -28. Let h = -14 + 14. Let j(i) = 5*i - i**3 + h - 6 + 10 - i**2. Give j(k).
7
Let o(c) be the second derivative of 0 + 1/6*c**4 + 1/3*c**3 + 2*c + 2*c**2. Calculate o(-3).
16
Let t(q) = -q**2 + 0*q**2 + 6*q - 15*q + 10 - 11. Calculate t(-6).
17
Let z = -4 - -7. Let t(v) = -28*v**z - 1 - 5*v**2 + 29*v**3 + 1 - 7*v. Let w(x) = 7*x**3 - 1. Let n be w(1). Determine t(n).
-6
Let d(p) be the first derivative of -p**4/4 - p**3/3 + p**2/2 + 2*p - 1. Let f(l) = l**2 + 1 + 1 - 4*l + 2 + 9*l. Let a be f(-4). Calculate d(a).
2
Let k(s) = 2*s**2 + 2*s + 2. Let b(i) = -3*i - 17. Let d be b(-5). Calculate k(d).
6
Let h(k) be the third derivative of -k**5/60 + k**4/24 + k**3/2 - 2*k**2. Let v(x) be the first derivative of h(x). Determine v(-2).
5
Suppose 20 = 2*b + 2*b. Let q(u) be the third derivative of 1/2*u**3 + 0 + 3*u**2 + 1/60*u**b + 0*u - 1/8*u**4. What is q(4)?
7
Let a = 8 - 2. Let q(h) = -h**2 + 10*h + 8. Let p(w) = -w - 1. Let f(v) = a*p(v) + q(v). Give f(5).
-3
Let y(j) = -6*j + 9. Let o be y(0). Let v(h) = -h**2 + 7*h - 1. Calculate v(o).
-19
Suppose -3*c + c = -4. Suppose -y = -5*y + 8. Let u(n) = -5 + 3*n**y + 4*n - 3*n**3 + 2*n**3 - 7*n**c. Give u(-5).
0
Let d = 2 - -1. Let v be (-15)/4 + d/(-12). Let a(g) be the third derivative of -g**5/60 - g**4/6 - g**3 - 2*g**2. Calculate a(v).
-6
Suppose 31 = 5*n + p, -2 = -2*n - 2*p + 4. Let i(j) = j - 9. What is i(n)?
-2
Suppose 4*s + 0*s = 0. Let k(y) be the second derivative of -y + 1/6*y**3 + y**2 + s. Determine k(4).
6
Let v(p) = p**3 + p**2 + p - 3. Suppose 0 = -5*h - t - 2, -3*h + 5*t + 14 = 4. Calculate v(h).
-3
Suppose -l - 2 = 2*h, 20 = -4*h - 0*h + 2*l. Let p be 15/h*(1 + 0). Let x(d) be the second derivative of d**4/12 + 5*d**3/6 - d**2 - 3*d. What is x(p)?
-2
Let s(k) = 3*k - 3. Let v(o) = 7*o - 6. Let u(c) = -9*s(c) + 4*v(c). What is u(7)?
10
Let c be (3/(-5))/(1/(-5)). Let q(d) = d + 1. Let j(p) = 1. Let u(t) = 4*j(t) - 2*q(t). Determine u(c).
-4
Suppose -54 = -5*y + 26. Let r = y - 12. Let b(a) = -a**2 + 4*a - 6. What is b(r)?
-6
Let z(r) be the first derivative of 2*r**3/3 + 5*r**2/2 + 2*r + 62. Suppose 5*u = 5*v, -4 = u - 1. What is z(v)?
5
Let q be ((-8)/(-10))/((-4)/(-10)). Let o(i) be the second derivative of 0 + 1/6*i**3 + 3*i - 1/2*i**2. Determine o(q).
1
Let f(j) = j**3 - j**2 + 4. Let g be f(0). Let d(s) = -3*s - 3. Let u be d(-6). Suppose -5*q + u = m, 2*q - 24 + 0 = -g*m. Let i(v) = v**3 - v**2. Give i(q).
4
Let i(j) = -2*j + 2. Let u(v) = v**3 - v**2. Let k be u(2). Let l be (-3)/((-2)/k*2). Suppose 4*a = -0*a + l*s + 6, -4*a + 4*s = -4. Determine i(a).
-4
Let p(q) = 7*q**3 + q. Let c(k) = k**2 - 9*k - 3. Let r(a) = a**2 - 8*a - 2. Let m(o) = -3*c(o) + 4*r(o). Let x be m(5). Let h = 0 - x. What is p(h)?
-8
Let l be ((-3)/6)/((-4)/(-8)). Let j(f) = 1. Let r(n) = n**3 + 3*n**2 + 4. Let x(h) = l*r(h) + 4*j(h). Determine x(-2).
-4
Let g be 5/60*20 - 2/(-6). Let v(k) be the second derivative of k + 1/3*k**3 + 0 - 5/2*k**g. Calculate v(5).
5
Let w(p) = 2*p**2 - 5*p - 38 - p**2 + 17 + 16. Determine w(6).
1
Let r(a) = 240 - a - 240. Suppose 3 + 15 = -x - 4*v, 3*x = 3*v + 21. Give r(x).
-2
Let t be 1/(-4) - 30/8. Let h(v) = -5*v + v + 6*v**2 + 2*v + 1. Let j(d) = -7*d**2 + 3*d - 1. Let k(m) = t*h(m) - 3*j(m). Give k(-1).
-3
Let p(r) = -10 - 4*r**2 - 9*r + 6*r**2 - 3*r**2. Give p(-7).
4
Let t(y) be the third derivative of -y**5/60 + 5*y**4/24 - 2*y**3/3 - y**2. Let q(r) = r**3 - 18*r**2 - 18*r - 16. Let p be q(19). Calculate t(p).
2
Suppose -2*p - 3*p = 0. Let w = 2 + p. Let f(v) = -2 - 3*v + 4*v**w + 8*v - 9*v**3 + 8*v**3. Calculate f(5).
-2
Let k(z) = z**2 - 4*z - 1. Let i(c) = c**2 - 7*c - 3. Let n be i(8). Calculate k(n).
4
Let c(b) be the second derivative of -b**6/360 - b**5/15 - b**4/4 + b**3/6 + b. Let r(s) be the second derivative of c(s). What is r(-5)?
9
Let i be 33/(-22)*(-4)/2. Let k(s) be the third derivative of s**6/120 - s**5/20 + s**4/8 - 2*s**3/3 + s**2. Calculate k(i).
5
Suppose -4*f + 2*l = -0*l - 2, 25 = 5*l. Let a(r) = 4*r**3 - 6*r**2 + 5*r - 2. Let y(i) = -3*i**3 + 5*i**2 - 4*i + 1. Let o(g) = 2*a(g) + 3*y(g). What is o(f)?
-7
Suppose -2*z - 8 = -4. Let g(t) be the first derivative of -t**4/2 - 4*t**3/3 - 2*t**2 - 3*t + 3. Determine g(z).
5
Suppose 2*j - 2*d - 14 = 0, 2*j - d - 6 = -3*d. Let a(r) be the third derivative of r**6/120 - r**5/12 - r**4/6 + 7*r**3/6 - 3*r**2 + 10*r. Calculate a(j).
-13
Let g be (-3)/(-6)*(9 + 1). Let y(s) = 10 - g + s + 2. Let d be (-5)/20 + (-23)/4. Give y(d).
1
Let p(c) = c. Let o be p(2). Let d(b) = -1 + 2*b**o + 2*b - b**2 + 2. Suppose 0 = -5*m + j - 15, -3*j = 0. Determine d(m).
4
Let k(v) = -1 + v + 7*v - 7*v. Suppose 1 = -o - 0. Let d(g) = 2*g - 5. Let s(t) = o*d(t) + 3*k(t). Give s(4).
6
Let o(z) be the first derivative of z**2 + 14. What is o(-2)?
-4
Let d(n) = 2*n - 5 - 13 + 16. Give d(10).
18
Let g = 83 - 663/8. Let t(r) be the third derivative of 2*r**2 + 0*r - 1/2*r**3 + 0 - g*r**4. Calculate t(-2).
3
Let f(q) be the second derivative of q**5/20 - 3*q**4/4 + 7*q**3/6 + 5*q**2 - 2*q + 7. Determine f(8).
2
Suppose 0 = -0*i - 2*i. Suppose i = -3*c + g + 19, 4*g + 25 = c - g. Let m(k) = k**2 - 5*k - 1. Determine m(c).
-1
Suppose -b - 6 = -w - 3*b, 0 = 2*w - 4*b + 20. Let i(y) = 5*y + 3. Give i(w).
-7
Let h(m) = -3*m + 3. Suppose q + 4*q - 20 = 0. Determine h(q).
-9
Let u(o) = -o - 9. Let l be u(-8). Let q(j) = 2*j**2 + 2*j + 1. Determine q(l).
1
Let i be (-30)/(-12)*((-14)/5 + 3). Let q(n) be the first derivative of n + 1 - i*n**2. Calculate q(4).
-3
Suppose o + 4 = 9. Suppose o*a = 2*b - 2, 4*a - 3*b - 4 = -0*b. Let p be (1 - -5) + -1 + a. Let h(v) = -v**2 + 4*v - 2. What is h(p)?
1
Let j(x) be the first derivative of 5 - 2*x**2 - 4*x + 1/3*x**3. Calculate j(3).
-7
Suppose 2*o - 7 = -3. Let z(j) = j. Let m be z(o). Let x(t) = -11*t + 5*t + m*t**2 - 5*t**2 - 5 + 2*t**2. Calculate x(-4).
3
Suppose -24 = 2*m + 2*m - 4*h, -5*m = 3*h - 2. Let k(c) = c**3 + c + 5 + 13*c**2 - 9*c**2 - 4. Give k(m).
7
Let r(g) = g**2. Suppose 6 = 2*t - n, 4*t - 16 = -t + 3*n. Suppose 1 + 7 = -v + t*l, 4*v - l = -4. What is r(v)?
0
Let r(q) = q**3 - 3*q**2 - 3*q + 1. Let s = 37 + -34. What is r(s)?
-8
Let s(v) = 8*v. Suppose -4*y = 3*p - 27, -6*p + 3*p = -2*y - 9. Let u = 2 - y. Determine s(u).
-8
Suppose 3*o = -3 + 9. Suppose -3*m = 2*q + 2*m - 24, 3*q = 2*m - o. Let z(l) = 2*l**3 - 3*l**2 + 2*l - 2. Calculate z(q).
6
Let s(t) be the first derivative of t**4/4 + t**3 + t**2 + 3*t - 8. Let x